
191
Suppose -4*r + 308 = 5*z, -4*r = -3*z - 44 + 248. Suppose -z*y = -59*y - 530. Suppose d + y = u, -1 = d + 3. List the prime factors of u.
2, 3, 17
Let c be (18/24)/((-6)/(-16)). Let w be ((4*-1)/(-8))/(c/8). Suppose 2*x = -3*p + 142, 3*x - w*x + 204 = 4*p. List the prime factors of p.
2, 5
Suppose 39*t = 25*t. Suppose t = -2*m - 10, 0 = -3*n - m + 1260 + 1063. What are the prime factors of n?
2, 97
Suppose 217 = -5*x + 467. Suppose 0 = x*b - 57*b + 8141. List the prime factors of b.
1163
Let g(d) = -5*d + 2. Let n be g(-2). Let p(h) = 761*h + 2*h**2 + 2 + 1 - 778*h + 1. List the prime factors of p(n).
2, 11
List the prime factors of (26716160/1344 + (-8)/84)/(4/6).
3, 3313
Suppose 3421 = 9*z - 19304. What are the prime factors of z?
5, 101
Let c(l) = -612*l + 389. What are the prime factors of c(-2)?
1613
Suppose 5*k = n + 17213, -198*n + 202*n + 17222 = 5*k. What are the prime factors of k?
2, 1721
What are the prime factors of ((-19)/(-5) - 16/8)/((-28)/(-15820))?
3, 113
Suppose 8434*q = 8422*q + 524640. What are the prime factors of q?
2, 5, 1093
Suppose 93*j + 50*j - 988650 = -7*j. List the prime factors of j.
3, 13
Let u be 6/4 - (-2)/4. Let a be 10/(-4)*(-3 + 1). Suppose -a*s - u*y = -423, 3*s - 105 - 148 = -y. List the prime factors of s.
83
Suppose 24*d - 36735 = -7*d. What are the prime factors of d?
3, 5, 79
Suppose -3*g - 509733 = -9*b, -13*b + 5*g - 113223 = -15*b. What are the prime factors of b?
2, 3, 9439
Let r(c) = c**3 - 17*c**2 - 371*c + 209. What are the prime factors of r(38)?
5, 19, 173
Let s(f) = f**2 + 2*f + 1. Let j be s(-1). Let n be (340/(-15))/(2/12 - j). Let p = -85 - n. What are the prime factors of p?
3, 17
Let v be 1002/78 + -6 - 2/(-13). Suppose -4*f = 3*c - 1558, 6*f + 5*c = v*f - 378. What are the prime factors of f?
2, 97
Let m(s) = -1. Let d(x) = -148*x - 54. Let q(c) = d(c) - 3*m(c). List the prime factors of q(-4).
541
Let c be (3 + -533)/((64/(-12))/8). Suppose -12*p + 1569 = -c. What are the prime factors of p?
197
Let y(i) = -33*i + 80. Let f be y(3). List the prime factors of (4 + -3)/(f/(-11134)).
2, 293
Let q = -207 - -203. List the prime factors of q/(100/(-16735)) + (-3)/(-5).
2, 5, 67
Let y(m) be the third derivative of -m**5/60 + m**4/24 - 3*m**3/2 - 14*m**2. Let w be y(7). Let u = w - -96. What are the prime factors of u?
3, 5
Let h be (-2 - -14)/(6/9). Let b = 233 - h. Suppose 6*j + 3*w = j + 209, -5*j - 5*w + b = 0. List the prime factors of j.
2, 5
What are the prime factors of (274/90 - 80/1800) + 25773?
2, 3, 179
Let t(h) = 243*h + 21. Let n be t(12). Suppose -3*g + 2934 = -3*x, -3*x + 5*x + n = 3*g. What are the prime factors of g?
3, 109
Let z(x) = -x**2 + 3*x - 6. Let d be z(3). Let m(u) = -4*u**3 - 2*u**2 - 2*u + 9. What are the prime factors of m(d)?
3, 271
Let g(m) = 30*m**2 + 3*m - 58. Let d be g(-9). Suppose 4*b - 2*z - 2339 = b, 3*b - d = -z. List the prime factors of b.
11, 71
Suppose 15*o = 11*o + 8140. Suppose 6*m - 17*m = -o. Suppose 4*a - 725 = -3*w, 0*a - a + m = 2*w. What are the prime factors of a?
179
Suppose 3*c - 31 = -7. Suppose -5*o + c*l = 3*l - 35, 5*l = -4*o + 19. What are the prime factors of 30 + (0 + o)/2?
3, 11
Let b = -346 + 923. What are the prime factors of b?
577
Suppose -52*p - 10 = -54*p. Suppose l = p*f - 456 - 584, -3*f + 602 = -5*l. List the prime factors of f.
11, 19
Let a(i) be the second derivative of i**4/6 + 52*i**3/3 + 3*i**2 + 74*i. List the prime factors of a(11).
2, 3, 29
Let t = 95556 + -52287. What are the prime factors of t?
3, 14423
Let x(j) = -603*j + 884. List the prime factors of x(-6).
2, 2251
Suppose -14160 = 24*q - 9*q. Let u = -88 - q. What are the prime factors of u?
2, 107
Suppose -17*q + 13*q + 88 = 0. Suppose -2*m - 4*n = -4, -2*m + 5*n - 3*n = -q. Suppose 2*a + 196 = 3*h - 3*a, 0 = -2*a + m. What are the prime factors of h?
2, 3
Suppose -1 = 2*k + 5*j, 2*j - 3*j = -4*k + 9. Suppose -5*n + 6*n - 470 = -3*x, -920 = -2*n - k*x. List the prime factors of n.
5, 7, 13
Let n be ((-10)/6 + 1)/((-13)/39). Suppose 3*g + w = 1221, n*g = 7*w - 10*w + 814. List the prime factors of g.
11, 37
Let x(d) = d**3 - 25*d**2 - 29*d - 37. Let b be x(27). Let m = -292 + b. What are the prime factors of m?
2, 173
Suppose -5292598 - 1554973 = -164*u + 3823417. What are the prime factors of u?
3, 23, 41
Suppose -3*k = 2*k - 4*o + 140, -4*k = 4*o + 76. What are the prime factors of (-6)/k*-610*24/(-10)?
2, 3, 61
Let t(v) = -37*v + 7. Let h be t(6). Let i = h - -107. Let g = -9 - i. List the prime factors of g.
3, 11
Let m = -83 + 87. What are the prime factors of 98236/123 - ((-8)/6)/m?
17, 47
Let u(j) = -6 - 3 + 0 - 3*j + 0*j. Let c be u(-13). Suppose 0 = -f - c + 96. What are the prime factors of f?
2, 3, 11
Let l = 6 - 9. Let r(x) = -16*x**2 + 5*x - 14. Let a(n) = 25*n**2 - 5*n + 15. Let j(w) = 5*a(w) + 6*r(w). List the prime factors of j(l).
3, 79
Suppose -14*p - 1290 = -24*p. Let o = p - -7. List the prime factors of o.
2, 17
Let d(r) = r**3 + 10*r**2 + 4*r - 17. Let v be (-18)/(8/(-4)) + -2. Suppose v*y = 2*y - 35. List the prime factors of d(y).
2, 3, 17
Suppose 3*p + 2*q = -1348, q - 2*q - 897 = 2*p. Let a = 530 - p. List the prime factors of a.
2, 61
Let j = -5207 - -9970. List the prime factors of j.
11, 433
Let i(a) = 2*a - 14. Let y be i(7). Suppose y*p = 4*b - 3*p - 1663, 2*p - 413 = -b. What are the prime factors of b?
5, 83
What are the prime factors of (-25374)/(-14) - (73/(-140) + (-56)/1120)?
7, 37
Suppose 4*w - k + 39566 - 318739 = 0, 0 = 3*w + 4*k - 209413. List the prime factors of w.
3, 5, 11, 47
Suppose -185776 + 794678 = 61*q. List the prime factors of q.
2, 7, 23, 31
Let q(k) = k**3 + 43*k**2 - 55*k - 443. What are the prime factors of q(-42)?
3631
Let k(y) be the second derivative of y**4/12 - 7*y**3/2 - y**2 + 120*y. What are the prime factors of k(-4)?
2, 7
Suppose -t + 5 = -18*g + 20*g, 4*g + 4*t = 0. Suppose -2*z = 4*m - 159 - 1511, g*m = 5*z + 2110. List the prime factors of m.
419
Let x = -554 - -652. What are the prime factors of ((-84)/x)/(6/(-7784))?
2, 139
Suppose 0 = 44*a - 50*a + 5760. List the prime factors of -5*(6 - 5) + a.
5, 191
Suppose -73*n + 78*n + 5*j - 37330 = 0, n - 5*j - 7502 = 0. What are the prime factors of n?
2, 467
Let t(r) = -46*r - 34. Let m be t(15). Let b = m - -1155. What are the prime factors of b?
431
Suppose -1252*o = -1241*o - 471328. List the prime factors of o.
2, 13, 103
Let b = -307 + 918. Suppose 0 = -4*o - o - a - 748, b = -4*o - 5*a. Let m = 263 + o. What are the prime factors of m?
2, 3, 19
Let c = -2006 - -2332. What are the prime factors of c?
2, 163
Suppose -9013 = -2*d - v, -3*d = v - 3*v - 13523. List the prime factors of d.
4507
Let r be 3 - 0 - (17 + 16). Let o = 34 + r. Suppose 0*s - 83 = -o*s + 3*b, 2*s + 4*b - 58 = 0. What are the prime factors of s?
23
Suppose -693 = -z + 59. Let y = z - 504. List the prime factors of y.
2, 31
Suppose -2*c + 16 = 2*c. Let l be ((-2)/5)/(-1)*(492 + 28). Suppose r - l = -r - 2*m, 422 = c*r + m. What are the prime factors of r?
2, 53
Let t(a) = -10*a - 1. Let z be t(-2). Let j(b) = 19*b - 72. Let i be j(4). Suppose -i*r + 5*r = z. What are the prime factors of r?
19
Let c be ((-5)/6 - -1) + 203/42. Suppose -5*o = -c*p + 570, 3*p + 2*o - 462 = -p. What are the prime factors of p?
5, 23
Let a(y) = 9337*y**2 - 11*y + 14. What are the prime factors of a(1)?
2, 5, 467
Let y(c) = c**2 + 11*c + 1546. Let g be y(0). Let w = -1093 + g. List the prime factors of w.
3, 151
Suppose 5*v = 10, -v = -0*c + 2*c - 2. Suppose c = 3*j + k + 4*k - 1241, -2*j = -k - 823. List the prime factors of j.
2, 103
Let m = -410 + 225. Let y = 530 - m. What are the prime factors of y?
5, 11, 13
Suppose -5*b = -15, -n - b + 2437 = -2*b. What are the prime factors of n?
2, 5, 61
Let h(p) = p**3 + p**2. Let j(z) = -2*z**3 - 8*z**2 + z - 4. Let t(x) = -5*h(x) - j(x). List the prime factors of t(-5).
3, 17
List the prime factors of (-29)/1*942*8/(-48).
29, 157
Let m be 28/(-8)*-35 + (-18)/(-12). Suppose m = -7*i + 8*i. Suppose -79*x - i = -83*x. List the prime factors of x.
31
Let z = -609 + 286. Let u = 143 - z. List the prime factors of u.
2, 233
Let s be (-3)/(-2 + 3/6). Let p = 454 + 14. Suppose j = -s*g - 2*j + 239, 4*j + p = 4*g. What are the prime factors of g?
